{"id":2553,"date":"2023-05-20T12:29:33","date_gmt":"2023-05-20T12:29:33","guid":{"rendered":"https:\/\/wordpress.validthemes.net\/dilabs\/?page_id=38"},"modified":"2026-01-11T21:25:14","modified_gmt":"2026-01-12T00:25:14","slug":"2553-2","status":"publish","type":"page","link":"https:\/\/agenciaofa.com\/","title":{"rendered":""},"content":{"rendered":"\t\t<div data-elementor-type=\"wp-page\" data-elementor-id=\"2553\" class=\"elementor elementor-2553\" data-elementor-post-type=\"page\">\n\t\t\t\t\t\t<section class=\"elementor-section elementor-top-section elementor-element elementor-element-b7ca7c2 elementor-section-full_width elementor-section-height-default elementor-section-height-default\" data-id=\"b7ca7c2\" data-element_type=\"section\">\n\t\t\t\t\t\t<div class=\"elementor-container elementor-column-gap-no\">\n\t\t\t\t\t<div class=\"elementor-column elementor-col-100 elementor-top-column elementor-element elementor-element-6b16164\" data-id=\"6b16164\" data-element_type=\"column\">\n\t\t\t<div class=\"elementor-widget-wrap elementor-element-populated\">\n\t\t\t\t\t\t<div class=\"elementor-element elementor-element-48173cd elementor-widget elementor-widget-dilabsbanner\" data-id=\"48173cd\" data-element_type=\"widget\" data-settings=\"{&quot;motion_fx_motion_fx_mouse&quot;:&quot;yes&quot;,&quot;motion_fx_tilt_effect&quot;:&quot;yes&quot;,&quot;motion_fx_tilt_direction&quot;:&quot;negative&quot;,&quot;motion_fx_tilt_speed&quot;:{&quot;unit&quot;:&quot;px&quot;,&quot;size&quot;:0.4,&quot;sizes&quot;:[]}}\" data-widget_type=\"dilabsbanner.default\">\n\t\t\t\t<div class=\"elementor-widget-container\">\n\t\t\t\t\t<div class=\"banner-style-one-area\" style=\"background-image: url(https:\/\/wordpress.validthemes.net\/dilabs\/wp-content\/uploads\/2023\/05\/1.png);\"><div class=\"shape-left-top\"><img decoding=\"async\" src=\"https:\/\/wordpress.validthemes.net\/dilabs\/wp-content\/uploads\/2023\/05\/2.png\" alt=\"OF\u00c1%20 %20Ag\u00eancia%20Criativa\"  \/><\/div><!-- Single Item --><div class=\"banner-style-one\"><div class=\"container\"><div class=\"content\"><div class=\"row align-center\"><div class=\"col-xl-6 col-lg-6\"><div class=\"information\"><h2 class=\"wow fadeInUp\" data-wow-delay=\"500ms\" data-wow-duration=\"400ms\">Do arco <strong>ao alvo<\/strong><\/h2><p class=\"wow fadeInUp\"  data-wow-delay=\"900ms\" data-wow-duration=\"400ms\"><strong>Sua campanha pronta para ganhar escala.<\/strong><br>A OF\u00c1 apoia ag\u00eancias, profissionais de m\u00eddia e anunciantes com cria\u00e7\u00f5es r\u00e1pidas, desdobramentos inteligentes e excel\u00eancia visual em cada entrega.<\/p><div class=\"button mt-40 wow fadeInUp\"  data-wow-delay=\"1200ms\" data-wow-duration=\"400ms\"><a href=\"#\" class=\"btn btn-md btn-gradient animation\">BAIXE NOSSO M\u00cdDIA KIT<\/a><\/div><\/div><\/div><div class=\"col-xl-6 col-lg-6 pl-50 pl-md-15 pl-xs-15\"><div class=\"thumb\"><img decoding=\"async\" class=\"wow fadeInUp\" src=\"https:\/\/agenciaofa.com\/wp-content\/uploads\/2025\/10\/1748ggc4aj0j0QVSQyPf-scaled.jpg\" alt=\"Image Not Found\"><img decoding=\"async\" class=\"wow fadeInDown\" data-wow-delay=\"500ms\" src=\"https:\/\/agenciaofa.com\/wp-content\/uploads\/2025\/10\/banner1home-1.png\" alt=\"Image Not Found\"><\/div><\/div><\/div><\/div><\/div><\/div><!-- End Single Item --><\/div>\t\t\t\t<\/div>\n\t\t\t\t<\/div>\n\t\t\t\t\t<\/div>\n\t\t<\/div>\n\t\t\t\t\t<\/div>\n\t\t<\/section>\n\t\t\t\t<section class=\"elementor-section elementor-top-section elementor-element elementor-element-1132e25 elementor-section-full_width box-layout elementor-section-height-default elementor-section-height-default\" data-id=\"1132e25\" data-element_type=\"section\">\n\t\t\t\t\t\t<div class=\"elementor-container elementor-column-gap-no\">\n\t\t\t\t\t<div class=\"elementor-column elementor-col-100 elementor-top-column elementor-element elementor-element-340be2b\" data-id=\"340be2b\" data-element_type=\"column\" data-settings=\"{&quot;background_background&quot;:&quot;gradient&quot;}\">\n\t\t\t<div class=\"elementor-widget-wrap elementor-element-populated\">\n\t\t\t\t\t\t<div class=\"elementor-element elementor-element-6a43dc4 elementor-widget elementor-widget-dilabsservices\" data-id=\"6a43dc4\" data-element_type=\"widget\" data-widget_type=\"dilabsservices.default\">\n\t\t\t\t<div class=\"elementor-widget-container\">\n\t\t\t\t\t<div class=\"container\"><div class=\"row\"><div class=\"col-lg-8 offset-lg-2\"><div class=\"site-heading text-center\"><h5 class=\"sub-title\">A OF\u00c1 \u00e9 a sua ag\u00eancia de cria\u00e7\u00e3o e produ\u00e7\u00e3o de m\u00eddia!<\/h5><h2 class=\"title\">Prontos para atender as demandas do mercado publicit\u00e1rio.<\/h2><\/div><\/div><\/div><\/div><div class=\"container\"><div class=\"row\"><div class=\"col-xl-4 col-lg-6 col-md-6 mb-30\"><div class=\"services-style-one\"><img decoding=\"async\" src=\"https:\/\/wordpress.validthemes.net\/dilabs\/wp-content\/uploads\/2023\/05\/1-1.png\" alt=\"OF\u00c1%20 %20Ag\u00eancia%20Criativa\"  \/><a href=\"https:\/\/wordpress.validthemes.net\/dilabs\/service-details\/\" class=\"btn-arrow\"><i class=\"fas fa-long-arrow-right\"><\/i><\/a><p>A OF\u00c1 \u00e9 a parceira ideal para ag\u00eancias e anunciantes que precisam transformar ideias em campanhas com agilidade e alto padr\u00e3o criativo. Atuamos como extens\u00e3o do seu time, oferecendo desdobramentos de key visuals, criativos para m\u00eddia online e offline, e materiais de apoio que mant\u00eam a consist\u00eancia visual e elevam o impacto da comunica\u00e7\u00e3o.<\/p><h4><a href=\"https:\/\/wordpress.validthemes.net\/dilabs\/service-details\/\">Ag\u00eancias e anunciantes<\/a><\/h4><\/div><\/div><div class=\"col-xl-4 col-lg-6 col-md-6 mb-30\"><div class=\"services-style-one\"><img decoding=\"async\" src=\"https:\/\/wordpress.validthemes.net\/dilabs\/wp-content\/uploads\/2023\/05\/2-2.png\" alt=\"OF\u00c1%20 %20Ag\u00eancia%20Criativa\"  \/><a href=\"https:\/\/wordpress.validthemes.net\/dilabs\/service-details\/\" class=\"btn-arrow\"><i class=\"fas fa-long-arrow-right\"><\/i><\/a><p>O tempo \u00e9 valioso para quem vive o dia a dia da m\u00eddia. Por isso, a OF\u00c1 cria pe\u00e7as adaptadas a cada formato e plataforma. Entregamos agilidade, precis\u00e3o e criatividade para que sua campanha ganhe for\u00e7a visual e resultados reais em todas as telas. Seu planejamento ganha vida com criativos sob medida e agilidade real na produ\u00e7\u00e3o.<\/p><h4><a href=\"https:\/\/wordpress.validthemes.net\/dilabs\/service-details\/\">Profissionais de m\u00eddia<\/a><\/h4><\/div><\/div><div class=\"col-xl-4 col-lg-6 col-md-6 mb-30\"><div class=\"services-style-one\"><img decoding=\"async\" src=\"https:\/\/wordpress.validthemes.net\/dilabs\/wp-content\/uploads\/2023\/05\/3-1.png\" alt=\"OF\u00c1%20 %20Ag\u00eancia%20Criativa\"  \/><a href=\"https:\/\/wordpress.validthemes.net\/dilabs\/service-details\/\" class=\"btn-arrow\"><i class=\"fas fa-long-arrow-right\"><\/i><\/a><p>Quando o prazo \u00e9 curto, a OF\u00c1 responde com efici\u00eancia. Nossa estrutura foi pensada para atender demandas imediatas do mercado publicit\u00e1rio com rapidez, consist\u00eancia e impacto criativo. Cada entrega \u00e9 feita com foco, m\u00e9todo e a energia certa para manter sua campanha ativa e com m\u00e1xima performance visual.<\/p><h4><a href=\"https:\/\/wordpress.validthemes.net\/dilabs\/service-details\/\">Campanhas urgentes<\/a><\/h4><\/div><\/div><\/div><\/div>\t\t\t\t<\/div>\n\t\t\t\t<\/div>\n\t\t\t\t\t<\/div>\n\t\t<\/div>\n\t\t\t\t\t<\/div>\n\t\t<\/section>\n\t\t\t\t<section class=\"elementor-section elementor-top-section elementor-element elementor-element-5ab74ff elementor-section-full_width elementor-section-height-default elementor-section-height-default\" data-id=\"5ab74ff\" data-element_type=\"section\">\n\t\t\t\t\t\t<div class=\"elementor-container elementor-column-gap-no\">\n\t\t\t\t\t<div class=\"elementor-column elementor-col-100 elementor-top-column elementor-element elementor-element-ea8606f\" data-id=\"ea8606f\" data-element_type=\"column\">\n\t\t\t<div class=\"elementor-widget-wrap\">\n\t\t\t\t\t\t\t<\/div>\n\t\t<\/div>\n\t\t\t\t\t<\/div>\n\t\t<\/section>\n\t\t\t\t<section class=\"elementor-section elementor-top-section elementor-element elementor-element-f1e1afd elementor-section-full_width elementor-section-height-default elementor-section-height-default\" data-id=\"f1e1afd\" data-element_type=\"section\">\n\t\t\t\t\t\t<div class=\"elementor-container elementor-column-gap-no\">\n\t\t\t\t\t<div class=\"elementor-column elementor-col-100 elementor-top-column elementor-element elementor-element-a7f0a33\" data-id=\"a7f0a33\" data-element_type=\"column\">\n\t\t\t<div class=\"elementor-widget-wrap elementor-element-populated\">\n\t\t\t\t\t\t<div class=\"elementor-element elementor-element-421a8de elementor-widget elementor-widget-dilabsworkprocess\" data-id=\"421a8de\" data-element_type=\"widget\" data-widget_type=\"dilabsworkprocess.default\">\n\t\t\t\t<div class=\"elementor-widget-container\">\n\t\t\t\t\t<div class=\"process-style-one-area text-center default-padding-bottom\"><div class=\"container\"><div class=\"row\"><div class=\"col-lg-8 offset-lg-2\"><div class=\"site-heading text-center\"><h5 class=\"sub-title\">Fluxo OF\u00c1 - Do briefing \u00e0 entrega em tempo recorde!<\/h5><h2 class=\"title\">Processos inteligentes para <br> entregas agendadas ou no mesmo dia.<\/h2><\/div><\/div><\/div><\/div><div class=\"container\"><div class=\"row\"><!-- Single Item --><div class=\"col-xl-3 col-lg-6 process-style-one\"><div class=\"item\"><div class=\"icon\"><i class=\"flaticon-bullhorn\"><\/i><\/div><div class=\"point\"><span>01<\/span><\/div><h4>Briefing \u00c1gil<\/h4><\/div><\/div><!-- End Single Item --><!-- Single Item --><div class=\"col-xl-3 col-lg-6 process-style-one\"><div class=\"item\"><div class=\"icon\"><i class=\"flaticon-start-up\"><\/i><\/div><div class=\"point\"><span>02<\/span><\/div><h4>Produ\u00e7\u00e3o Express<\/h4><\/div><\/div><!-- End Single Item --><!-- Single Item --><div class=\"col-xl-3 col-lg-6 process-style-one\"><div class=\"item\"><div class=\"icon\"><i class=\"flaticon-paper\"><\/i><\/div><div class=\"point\"><span>03<\/span><\/div><h4>Ajustes Din\u00e2micos<\/h4><\/div><\/div><!-- End Single Item --><!-- Single Item --><div class=\"col-xl-3 col-lg-6 process-style-one\"><div class=\"item\"><div class=\"icon\"><i class=\"flaticon-support-1\"><\/i><\/div><div class=\"point\"><span>04<\/span><\/div><h4>Entrega Final<\/h4><\/div><\/div><!-- End Single Item --><\/div><\/div><\/div>\t\t\t\t<\/div>\n\t\t\t\t<\/div>\n\t\t\t\t<div class=\"elementor-element elementor-element-210bf73 elementor-widget elementor-widget-dilabsaboutus\" data-id=\"210bf73\" data-element_type=\"widget\" data-widget_type=\"dilabsaboutus.default\">\n\t\t\t\t<div class=\"elementor-widget-container\">\n\t\t\t\t\t<div class=\"about-style-one-area\"><div class=\"container\"><div class=\"row\"><div class=\"col-xl-4 col-lg-12\"><div class=\"about-style-one bg-dark text-light\" style=\"background-image: url(https:\/\/agenciaofa.com\/wp-content\/uploads\/2026\/01\/bg-box-marrom.webp);\"><ul class=\"check-list-item\"><li><h5>Entregas no mesmo dia!<\/h5><p>Desdobramentos de KV, artes de campanha e convers\u00e3o de formatos com entrega imediata. Velocidade operacional para acompanhar o ritmo do seu plano de m\u00eddia.<\/p><\/li><li><h5>PSD, PNG, GIF, Qualquer formato!<\/h5><p>Entregamos suas pe\u00e7as adaptadas para qualquer canal ou especifica\u00e7\u00e3o t\u00e9cnica. Do digital ao OOH, o formato que voc\u00ea precisar, pronto para veicular.<\/p><\/li><\/ul><\/div><\/div><div class=\"col-xl-8 col-lg-12\"><div class=\"about-style-one\"><h2 class=\"title pl-120 pl-md-0 pl-xs-0 mb-70 mb-md-40 mb-xs-30 mt-md-50 mt-xs-30\">Garanta a melhor equipe <br> de <strong>cria\u00e7\u00e3o<\/strong> do mercado!<\/h2><div class=\"thumb bg-cover\" style=\"background-image: url(https:\/\/wordpress.validthemes.net\/dilabs\/wp-content\/uploads\/2023\/05\/2.jpg);\"><div class=\"video-bg-live\">\t\t\t                                <div class=\"player\" data-property=\"{videoURL:'zwUsFN__jtE',containment:'.video-bg-live', showControls:false, autoPlay:true, zoom:0, loop:true, mute:true, startAt:105, opacity:1, quality:'default'}\"><\/div>\r\n\t\t\t                                <\/div><a href=\"https:\/\/www.youtube.com\/watch?v=owhuBrGIOsEdsk\" class=\"popup-youtube video-play-button with-text mt-20\"><div class=\"effect\"><\/div><span><i class=\"fas fa-play\"><\/i> Somos a OF\u00c1!<\/span><\/a><\/div><\/div><\/div><\/div><\/div><\/div>\t\t\t\t<\/div>\n\t\t\t\t<\/div>\n\t\t\t\t\t<\/div>\n\t\t<\/div>\n\t\t\t\t\t<\/div>\n\t\t<\/section>\n\t\t\t\t<section class=\"elementor-section elementor-top-section elementor-element elementor-element-539f5da elementor-section-full_width elementor-section-height-default elementor-section-height-default\" data-id=\"539f5da\" data-element_type=\"section\" data-settings=\"{&quot;background_background&quot;:&quot;classic&quot;}\">\n\t\t\t\t\t\t<div class=\"elementor-container elementor-column-gap-no\">\n\t\t\t\t\t<div class=\"elementor-column elementor-col-100 elementor-top-column elementor-element elementor-element-a7f225f\" data-id=\"a7f225f\" data-element_type=\"column\">\n\t\t\t<div class=\"elementor-widget-wrap elementor-element-populated\">\n\t\t\t\t\t\t<div class=\"elementor-element elementor-element-a49dd0e elementor-widget elementor-widget-dilabsprojects\" data-id=\"a49dd0e\" data-element_type=\"widget\" data-widget_type=\"dilabsprojects.default\">\n\t\t\t\t<div class=\"elementor-widget-container\">\n\t\t\t\t\t<div class=\"project-style-one-area\"><div class=\"container\"><div class=\"heading-left\"><div class=\"row\"><div class=\"col-xl-5 col-lg-6\"><div class=\"content-left\"><h5 class=\"sub-title\">QUEM CONFIA NA OF\u00c1<\/h5><h2 class=\"heading\">Entregas recentes<\/h2><\/div><\/div><\/div><\/div><!-- Navigation --><div class=\"project-nav-box\"><div class=\"project-swiper-nav\"><!-- Pagination --><div class=\"project-button-prev\"><\/div><div class=\"project-button-next\"><\/div><\/div><\/div><\/div><div class=\"project-style-one-items\"><div class=\"container-fill\"><div class=\"row\"><div class=\"col-lg-12\"><div class=\"project-center-stage-carousel swiper\"><!-- Additional required wrapper --><div class=\"swiper-wrapper\"><!-- Single Item --><div class=\"swiper-slide\"><div class=\"project-style-one\"><img decoding=\"async\" src=\"https:\/\/wordpress.validthemes.net\/dilabs\/wp-content\/uploads\/2023\/06\/1.jpg\" alt=\"OF\u00c1%20 %20Ag\u00eancia%20Criativa\"  \/><div class=\"overlay\"><span>Marketing<\/span><h4><a href=\"https:\/\/wordpress.validthemes.net\/dilabs\/project-details\/\">Digital Marketing<\/a><\/h4><\/div><div class=\"shape\"><img decoding=\"async\" src=\"https:\/\/wordpress.validthemes.net\/dilabs\/wp-content\/uploads\/2023\/06\/10.png\" alt=\"OF\u00c1%20 %20Ag\u00eancia%20Criativa\"  \/><\/div><\/div><\/div><div class=\"swiper-slide\"><div class=\"project-style-one\"><img decoding=\"async\" src=\"https:\/\/wordpress.validthemes.net\/dilabs\/wp-content\/uploads\/2023\/06\/2.jpg\" alt=\"OF\u00c1%20 %20Ag\u00eancia%20Criativa\"  \/><div class=\"overlay\"><span>Promotion<\/span><h4><a href=\"https:\/\/wordpress.validthemes.net\/dilabs\/project-details\/\">Data Scientist<\/a><\/h4><\/div><div class=\"shape\"><img decoding=\"async\" src=\"https:\/\/wordpress.validthemes.net\/dilabs\/wp-content\/uploads\/2023\/06\/10.png\" alt=\"OF\u00c1%20 %20Ag\u00eancia%20Criativa\"  \/><\/div><\/div><\/div><div class=\"swiper-slide\"><div class=\"project-style-one\"><img decoding=\"async\" src=\"https:\/\/wordpress.validthemes.net\/dilabs\/wp-content\/uploads\/2023\/06\/3.jpg\" alt=\"OF\u00c1%20 %20Ag\u00eancia%20Criativa\"  \/><div class=\"overlay\"><span>Development<\/span><h4><a href=\"https:\/\/wordpress.validthemes.net\/dilabs\/project-details\/\">Benefits Research<\/a><\/h4><\/div><div class=\"shape\"><img decoding=\"async\" src=\"https:\/\/wordpress.validthemes.net\/dilabs\/wp-content\/uploads\/2023\/06\/10.png\" alt=\"OF\u00c1%20 %20Ag\u00eancia%20Criativa\"  \/><\/div><\/div><\/div><\/div><\/div><\/div><\/div><\/div><\/div><\/div>\t\t\t\t<\/div>\n\t\t\t\t<\/div>\n\t\t\t\t\t<\/div>\n\t\t<\/div>\n\t\t\t\t\t<\/div>\n\t\t<\/section>\n\t\t\t\t<section class=\"elementor-section elementor-top-section elementor-element elementor-element-fa95b03 elementor-section-full_width elementor-section-height-default elementor-section-height-default\" data-id=\"fa95b03\" data-element_type=\"section\" data-settings=\"{&quot;background_background&quot;:&quot;classic&quot;}\">\n\t\t\t\t\t\t<div class=\"elementor-container elementor-column-gap-no\">\n\t\t\t\t\t<div class=\"elementor-column elementor-col-100 elementor-top-column elementor-element elementor-element-a914777\" data-id=\"a914777\" data-element_type=\"column\">\n\t\t\t<div class=\"elementor-widget-wrap elementor-element-populated\">\n\t\t\t\t\t\t<div class=\"elementor-element elementor-element-9de02f0 elementor-widget elementor-widget-dilabswcu\" data-id=\"9de02f0\" data-element_type=\"widget\" data-widget_type=\"dilabswcu.default\">\n\t\t\t\t<div class=\"elementor-widget-container\">\n\t\t\t\t\t<div class=\"choose-us-style-one-area\"><div class=\"container\"><div class=\"row align-center\"><div class=\"col-xl-5\"><div class=\"achivement-counter\" style=\"background-image: url(https:\/\/agenciaofa.com\/wp-content\/plugins\/dilabs-core\/assets\/img\/banner-4.png);\"><div class=\"shape-animated-left-bottom\"><img decoding=\"async\" src=\"https:\/\/agenciaofa.com\/wp-content\/uploads\/2026\/01\/ofa-3d-v2.png\" alt=\"OF\u00c1%20 %20Ag\u00eancia%20Criativa\"  \/><\/div><ul><li><div class=\"icon\"><i class=\"flaticon-startup-6\"><\/i><\/div><div class=\"fun-fact\"><div class=\"counter\"><div class=\"timer\" data-to=\"+500\" data-speed=\"2000\">+500<\/div><div class=\"operator\">+<\/div><\/div><span class=\"medium\">Business advices given <br> over 30 years<\/span><\/div><\/li><li><div class=\"icon\"><i class=\"flaticon-team\"><\/i><\/div><div class=\"fun-fact\"><div class=\"counter\"><div class=\"timer\" data-to=\"30\" data-speed=\"2000\">30<\/div><div class=\"operator\">+<\/div><\/div><span class=\"medium\">Business Excellence <br> awards achieved<\/span><\/div><\/li><\/ul><\/div><\/div><div class=\"col-xl-6 offset-xl-1 mt-md-50 mt-xs-40\"><div class=\"choose-us-card\"><h5 class=\"sub-title\">Por que a OF\u00c1 \u00e9 o motor da sua opera\u00e7\u00e3o de m\u00eddia?<\/h5><h2 class=\"title\">Transformamos prazos imposs\u00edveis em entregas de alta performance.<\/h2><p>O mercado n\u00e3o espera e sua marca tamb\u00e9m n\u00e3o deveria. Na OF\u00c1, eliminamos os gargalos operacionais que travam sua ag\u00eancia ou departamento de marketing, unindo precis\u00e3o t\u00e9cnica com uma velocidade de execu\u00e7\u00e3o que o modelo tradicional n\u00e3o consegue acompanhar.<\/p><ul class=\"list-check\"><li>Acelera\u00e7\u00e3o de Planos de M\u00eddia<\/li><li>KVs e Desdobramentos Prontos<\/li><li>Prontid\u00e3o Criativa<\/li><\/ul><\/div><\/div><\/div><\/div><\/div>\t\t\t\t<\/div>\n\t\t\t\t<\/div>\n\t\t\t\t\t<\/div>\n\t\t<\/div>\n\t\t\t\t\t<\/div>\n\t\t<\/section>\n\t\t\t\t<\/div>\n\t\t","protected":false},"excerpt":{"rendered":"<p>Do arco ao alvo Sua campanha pronta para ganhar escala.A OF\u00c1 apoia ag\u00eancias, profissionais de m\u00eddia e anunciantes com cria\u00e7\u00f5es r\u00e1pidas, desdobramentos inteligentes e excel\u00eancia visual em cada entrega. BAIXE NOSSO M\u00cdDIA KIT A OF\u00c1 \u00e9 a sua ag\u00eancia de cria\u00e7\u00e3o e produ\u00e7\u00e3o de m\u00eddia! Prontos para atender as demandas do mercado publicit\u00e1rio. A OF\u00c1&#8230;<\/p>\n","protected":false},"author":1,"featured_media":0,"parent":0,"menu_order":0,"comment_status":"closed","ping_status":"closed","template":"template-builder.php","meta":{"_monsterinsights_skip_tracking":false,"_monsterinsights_sitenote_active":false,"_monsterinsights_sitenote_note":"","_monsterinsights_sitenote_category":0,"footnotes":""},"class_list":["post-2553","page","type-page","status-publish","hentry"],"aioseo_notices":[],"_links":{"self":[{"href":"https:\/\/agenciaofa.com\/index.php\/wp-json\/wp\/v2\/pages\/2553","targetHints":{"allow":["GET"]}}],"collection":[{"href":"https:\/\/agenciaofa.com\/index.php\/wp-json\/wp\/v2\/pages"}],"about":[{"href":"https:\/\/agenciaofa.com\/index.php\/wp-json\/wp\/v2\/types\/page"}],"author":[{"embeddable":true,"href":"https:\/\/agenciaofa.com\/index.php\/wp-json\/wp\/v2\/users\/1"}],"replies":[{"embeddable":true,"href":"https:\/\/agenciaofa.com\/index.php\/wp-json\/wp\/v2\/comments?post=2553"}],"version-history":[{"count":131,"href":"https:\/\/agenciaofa.com\/index.php\/wp-json\/wp\/v2\/pages\/2553\/revisions"}],"predecessor-version":[{"id":2882,"href":"https:\/\/agenciaofa.com\/index.php\/wp-json\/wp\/v2\/pages\/2553\/revisions\/2882"}],"wp:attachment":[{"href":"https:\/\/agenciaofa.com\/index.php\/wp-json\/wp\/v2\/media?parent=2553"}],"curies":[{"name":"wp","href":"https:\/\/api.w.org\/{rel}","templated":true}]}}